{"id":65,"date":"2025-08-30T23:09:02","date_gmt":"2025-08-30T23:09:02","guid":{"rendered":"https:\/\/goran.com.co\/site\/contact\/"},"modified":"2025-08-30T23:09:02","modified_gmt":"2025-08-30T23:09:02","slug":"contact","status":"publish","type":"page","link":"https:\/\/goran.com.co\/site\/contact\/","title":{"rendered":"Contact"},"content":{"rendered":"\n\n\n<h2>Cont\u00e1ctanos para obtener m\u00e1s informaci\u00f3n<\/h2>\n<p>\u00bfTienes preguntas o necesitas ayuda para planificar tu compra? Estamos aqu\u00ed para asistirte en cada paso del camino. \u00a1Cont\u00e1ctanos, nos encantar\u00eda saber de ti!<\/p>\n\n\n\n\n\n\n\n<h3>\u00bfNecesitas ayuda? \u00a1No dudes en contactarnos!<\/h3>\n<p>Ya sea que tengas curiosidad sobre un producto, necesites un presupuesto o quieras personalizar tu pedido, estamos a solo un mensaje de distancia.<\/p>\n\n\n\n\n\n<h6>Ubicaci\u00f3n <\/h6>\n\n\n\n\n\n\n\n\n<h6>Correo Electr\u00f3nico\n <\/h6>\n\n\n\n\n\n\n\n\n<h6>Tel\u00e9fono\n <\/h6>\n\n\n\n\n\n\n\nNew York, New York, USA\n\n","protected":false},"excerpt":{"rendered":"","protected":false},"author":1,"featured_media":0,"parent":0,"menu_order":0,"comment_status":"closed","ping_status":"closed","template":"","meta":{"pagelayer_contact_templates":[],"_pagelayer_content":"","footnotes":""},"class_list":["post-65","page","type-page","status-publish","hentry"],"_links":{"self":[{"href":"https:\/\/goran.com.co\/site\/wp-json\/wp\/v2\/pages\/65","targetHints":{"allow":["GET"]}}],"collection":[{"href":"https:\/\/goran.com.co\/site\/wp-json\/wp\/v2\/pages"}],"about":[{"href":"https:\/\/goran.com.co\/site\/wp-json\/wp\/v2\/types\/page"}],"author":[{"embeddable":true,"href":"https:\/\/goran.com.co\/site\/wp-json\/wp\/v2\/users\/1"}],"replies":[{"embeddable":true,"href":"https:\/\/goran.com.co\/site\/wp-json\/wp\/v2\/comments?post=65"}],"version-history":[{"count":0,"href":"https:\/\/goran.com.co\/site\/wp-json\/wp\/v2\/pages\/65\/revisions"}],"wp:attachment":[{"href":"https:\/\/goran.com.co\/site\/wp-json\/wp\/v2\/media?parent=65"}],"curies":[{"name":"wp","href":"https:\/\/api.w.org\/{rel}","templated":true}]}}